	{"id":1518,"date":"2020-09-04T19:44:51","date_gmt":"2020-09-04T18:44:51","guid":{"rendered":"https:\/\/www.roller-rop.fr\/?page_id=1518"},"modified":"2023-07-26T01:56:32","modified_gmt":"2023-07-26T00:56:32","slug":"inscription-2","status":"publish","type":"page","link":"https:\/\/www.roller-rop.fr\/?page_id=1518","title":{"rendered":"Inscription 2023 &#8211; 2024"},"content":{"rendered":"<p>Pour la saison 2023 &#8211; 2024, les adh\u00e9sions aupr\u00e8s du club se feront gr\u00e2ce au site Helloasso. Vous trouverez le lien \t\t\t<iframe src=\"https:\/\/www.helloasso.com\/associations\/reze-olympique-patinage\/adhesions\/adhesion-saison-2023-2024\/widget-bouton\"  id=\"idIframe\" style=\"width:200px; height:70px; border:none;\" border=\"0\"><\/iframe>\n\t\t\t<\/p>\n<p>Etape 1 : Lisez le <a href=\"https:\/\/www.formulaires.service-public.fr\/gf\/cerfa_15699.do\" target=\"_blank\" rel=\"noopener\"><span style=\"color: #3366ff;\"><strong>questionnaire de sant\u00e9 adulte<\/strong><\/span><\/a>\u00a0 et remplissez <a href=\"https:\/\/ffroller-skateboard.fr\/download\/1996\/certificat-attestation\/68570\/attestation_qs-sport.pdf\" target=\"_blank\" rel=\"noopener\"><span style=\"color: #3366ff;\"><strong>l&rsquo;attestation adulte<\/strong><\/span><\/a>\u00a0 et enregistrez-la au format PDF que vous d\u00e9poserez sur la rubrique \u00ab\u00a0Certificat m\u00e9dical ou attestation\u00a0\u00bb<\/p>\n<p>Ou lisez le <a href=\"https:\/\/ffroller-skateboard.fr\/download\/1996\/certificat-attestation\/68572\/qs-sportif-mineur.pdf\" target=\"_blank\" rel=\"noopener\"><span style=\"color: #3366ff;\"><strong>questionnaire de sant\u00e9 mineur<\/strong><\/span><\/a>\u00a0 et remplissez <a href=\"https:\/\/ffroller-skateboard.fr\/download\/1996\/certificat-attestation\/68571\/attestation-parentale_qs-sportif-mineur.pdf\" target=\"_blank\" rel=\"noopener\"><span style=\"color: #3366ff;\"><strong>l&rsquo;attestation mineur<\/strong><\/span><\/a> et enregistrez-la au format PDF que vous d\u00e9poserez sur la rubrique \u00ab\u00a0Certificat m\u00e9dical ou attestation\u00a0\u00bb<\/p>\n<p>Etape 2 : Pour les r\u00e9inscriptions, munissez-vous de votre num\u00e9ro de licence (non obligatoire donc pas de panique)<\/p>\n<p>Etape 3 : Pour l\u2019\u00e9cole de patinage : s\u00e9lectionnez la discipline : \u00ab\u00a0 course \u00bb et type de licence : \u00ab en comp\u00e9tition \u00bb.<\/p>\n<p>Etape 4 :<\/p>\n<p>Pour les r\u00e9ductions suivantes, vous aurez \u00e9galement besoin d&rsquo;un code :<\/p>\n<ul>\n<li><strong>Quotient Familial<\/strong><\/li>\n<li><strong>Plusieurs Adh\u00e9rents<\/strong><\/li>\n<li><strong>Paiement ch\u00e8que vacances ancv<\/strong><\/li>\n<li><strong>Paiement pass sport<\/strong><\/li>\n<\/ul>\n<p>Ce code sera \u00e0 demander par mail \u00e0 <a class=\"moz-txt-link-abbreviated\" href=\"mailto:contact@roller-rop.fr\">contact.rop44@gmail.com<\/a> avec les justificatifs. R\u00e9ponse sous 24h<\/p>\n<p>Etape 5 : <a href=\"https:\/\/www.helloasso.com\/associations\/reze-olympique-patinage\/adhesions\/adhesion-saison-2023-2024\" target=\"_blank\" rel=\"noopener\"><span style=\"color: #3366ff;\"><strong>Lien Helloasso<\/strong><\/span><\/a><\/p>\n<p>Au moment de payer vous pouvez modifier la participation au site en cochant la case correspondante.<\/p>\n<p>Voici les informations dont vous aurez besoin pour mener \u00e0 bien votre adh\u00e9sion.<\/p>\n<p>R\u00e9capitulatif des cat\u00e9gories :<\/p>\n<p>U6 &#8211; U13 (2018-2012) : Adh\u00e9sion 100\u20ac<\/p>\n<p>U14 &#8211; senior (2011 &#8211; et avant) : Adh\u00e9sion 120\u20ac pour Randonn\u00e9e et course<\/p>\n<p>U14 &#8211; U19 (2011 &#8211; 2006) : Adh\u00e9sion 120\u20ac pour Roller Hockey<\/p>\n<p>Senior (2006 &#8211; et avant) : Adh\u00e9sion 130\u20ac pour Roller Hockey<\/p>\n<p>Avec ce site, le paiement se fait par carte bancaire en 1 ou 3 fois.<\/p>\n<p>La photo n&rsquo;est pas obligatoire sauf si c&rsquo;est votre premi\u00e8re adh\u00e9sion.<\/p>\n<p>Le certificat m\u00e9dical n&rsquo;est plus obligatoire pour les mineurs pour faire du sport. Seuls les enfants qui seront surclass\u00e9s devront fournir un certificat m\u00e9dical avec la mention simple surclassement.<\/p>\n<p>Pour les U18 (2007) (Roller Hockey) surclassement en senior, un dossier m\u00e9dical est demand\u00e9 <a href=\"https:\/\/ffroller-skateboard.fr\/download\/1996\/certificat-attestation\/68573\/formulaire-de-surclassement-senior-et-feminin.pdff\" target=\"_blank\" rel=\"noopener\"><span style=\"color: #3366ff;\"><strong>Dossier Surclassement<\/strong><\/span><\/a> remplit par un m\u00e9decin du sport. Ce dossier est a retourn\u00e9 au club avec toutes les pi\u00e8ces demand\u00e9es. Lors de l&rsquo;inscription remplissez une attestation adulte. Nous enregistreront le surclassement \u00e0 la rentr\u00e9e.<\/p>\n<p>Pour les U19 (2006) (Roller Hockey), un certificat m\u00e9dical est demand\u00e9 avec la mention simple surclassement.<\/p>\n<p>Pour les seniors, le certificat m\u00e9dical est valable trois ans.<\/p>\n<p>Si toutefois vous rencontrez un probl\u00e8me, vous pouvez nous contacter par Whatsapp au +1(438) 336 3985 a partir de 18h.<\/p>\n<p>A bient\u00f4t sur les terrains.<\/p>\n<p>Le comit\u00e9 directeur<\/p>\n","protected":false},"excerpt":{"rendered":"<p>Pour la saison 2023 &#8211; 2024, les adh\u00e9sions aupr\u00e8s du club se feront gr\u00e2ce au site Helloasso. Vous trouverez le lien Etape 1 : Lisez le questionnaire de sant\u00e9 adulte\u00a0 et remplissez l&rsquo;attestation adulte\u00a0 et enregistrez-la au format PDF que vous d\u00e9poserez sur la rubrique \u00ab\u00a0Certificat m\u00e9dical ou attestation\u00a0\u00bb Ou lisez le questionnaire de sant\u00e9 [&hellip;]<\/p>\n","protected":false},"author":7,"featured_media":0,"parent":0,"menu_order":0,"comment_status":"open","ping_status":"open","template":"","meta":[],"_links":{"self":[{"href":"https:\/\/www.roller-rop.fr\/index.php?rest_route=\/wp\/v2\/pages\/1518"}],"collection":[{"href":"https:\/\/www.roller-rop.fr\/index.php?rest_route=\/wp\/v2\/pages"}],"about":[{"href":"https:\/\/www.roller-rop.fr\/index.php?rest_route=\/wp\/v2\/types\/page"}],"author":[{"embeddable":true,"href":"https:\/\/www.roller-rop.fr\/index.php?rest_route=\/wp\/v2\/users\/7"}],"replies":[{"embeddable":true,"href":"https:\/\/www.roller-rop.fr\/index.php?rest_route=%2Fwp%2Fv2%2Fcomments&post=1518"}],"version-history":[{"count":50,"href":"https:\/\/www.roller-rop.fr\/index.php?rest_route=\/wp\/v2\/pages\/1518\/revisions"}],"predecessor-version":[{"id":1670,"href":"https:\/\/www.roller-rop.fr\/index.php?rest_route=\/wp\/v2\/pages\/1518\/revisions\/1670"}],"wp:attachment":[{"href":"https:\/\/www.roller-rop.fr\/index.php?rest_route=%2Fwp%2Fv2%2Fmedia&parent=1518"}],"curies":[{"name":"wp","href":"https:\/\/api.w.org\/{rel}","templated":true}]}}